ided by b?
11
Let v(i) be the third derivative of -1/24*i**4 + 1/6*i**3 + 0*i - 10*i**2 + 0 + 1/12*i**5. What is the remainder when v(-2) is divided by 5?
3
Let h(k) be the third derivative of k**5/30 - 2*k**4/3 - 2*k**3 + 14*k**2. What is the remainder when 33 is divided by h(9)?
3
Suppose 0 = -4*p + 5*z + 106, -p + 2*z - 6*z = -37. Calculate the remainder when 129*(10/6 - 1) is divided by p.
28
Suppose 20*j = 19*j + 3. Suppose 5*s + 241 - 76 = -j*l, 2*s + l = -67. Let i = -32 - s. What is the remainder when 11 is divided by i?
3
Let z(s) = -4*s - 20. Let y be z(-5). Let r be (-3 - (0 - y)) + 8. Suppose -r*t - 244 = -689. What is the remainder when t is divided by 18?
17
Let y(c) = 2*c - 14. Let k be y(9). Suppose 3*l - 145 = -4*b - 0*l, 124 = k*b - 4*l. What is the remainder when b is divided by 14 - (1 - -1) - 0?
10
Let m(u) = -u**2 + 21*u + 1. Calculate the remainder when 212 is divided by m(14).
14
Suppose 98 = 3*w + 4*y, -5*w + 3*y = -140 - 4. Suppose 5*a - a = 1020. Suppose -4*r = -12, 3*b + r = 3*r + a. Calculate the remainder when b is divided by w.
27
Suppose -3036 = 80*g - 82*g. What is the remainder when g is divided by 49?
48
Suppose -4*f + 221 = 3*b, -3*f - 4*b + 197 = -8*b. Calculate the remainder when f is divided by 37.
22
Suppose 13*j = -64*j + 7392. Calculate the remainder when j is divided by 26.
18
Suppose 4*h + 8 - 68 = 0. Suppose -h - 5 = -4*c. Suppose 0 = -c*z + 4 + 6. What is the remainder when 2 is divided by z?
0
Suppose 0 = -40*v + 35*v + 665. What is the remainder when v is divided by 68?
65
Let f = -96 + 120. Let x = -17 - -63. What is the remainder when x is divided by f?
22
Let o be (-2 - -100) + 2 + 4. Suppose -5*m = 3*k - 131, -5*m - k + o = -33. Calculate the remainder when 54 is divided by m.
26
Let d(g) = g**2 - g + 19. Let b be d(0). Let a be (2 - 1)*-2*-6. Let h = b - a. What is the remainder when 20 is divided by h?
6
Let j be (-334)/(-14) - (-21)/147. Let i = 12 + j. What is the remainder when i is divided by 13?
10
Suppose 3*p = 4*d - 5, 0 = p - 0 - 1. Suppose 15 = d*z + 47. What is the remainder when (164/(-6))/(z/24) is divided by 14?
13
Let o = -57 + 86. Let k = -44 + 58. Suppose 4*u - f = 23, -u - 2*f = u - k. Calculate the remainder when o is divided by u.
5
Let l be 4/(-14) + (-80)/14. Let x be (-26 - (-2 - -4))/2. Let a = l - x. Calculate the remainder when 15 is divided by a.
7
Let j(u) = -u - 3. Let v(i) = 7*i + 1. Let d be v(-2). Calculate the remainder when 47 is divided by j(d).
7
Suppose -31*c + 32*c - 16 = 0. Calculate the remainder when 62 is divided by c.
14
Suppose -5*a - 64 = -2*t, -3*a + 102 = 4*t - 0*a. Suppose 4*u - t = -7. What is the remainder when 2 + 3 + (-434)/(-31) is divided by u?
4
Let y(u) = -2*u**2 - 36*u + 57. Calculate the remainder when 510 is divided by y(-18).
54
What is the remainder when 153 is divided by (-1162)/(-22) + (-6)/(-33)?
47
Let a = -8 - -5. Calculate the remainder when ((-246)/(-8))/(a/(-12)) is divided by 31.
30
Let u be 2/(1 + (-175)/185). Let r = -35 + u. Suppose -3*z + r*i + 48 = -i, -3*z - 5*i + 24 = 0. What is the remainder when 50 is divided by z?
11
Let u = -105 - -132. Calculate the remainder when 39 is divided by u.
12
Suppose -30 - 35 = -5*p. Let n = 5 + -2. Suppose -h = -n*q - 29, -90 = -5*h - 2*q - p. Calculate the remainder when 65 is divided by h.
14
Suppose 64 = -t + 4*d, 116 = -2*t + 5*d - 0*d. Calculate the remainder when (-8)/t - (-141)/18 is divided by 6.
2
Let p be (-1)/2 - 130/(-20). Let o(z) = -z + 4. Calculate the remainder when 208/(-12)*(-9)/p is divided by o(-3).
5
Let v = -10 - -13. Suppose 5*i - 5*c - 20 = 0, -c + 5*c = -v*i - 16. Suppose -5*o - 53 + 143 = i. What is the remainder when 34 is divided by o?
16
Suppose -2*h = 3*h - 20. Suppose h*r = -0*r + 28. Let m(p) = p**2 + 19*p + 97. Calculate the remainder when m(-7) is divided by r.
6
Let x(q) = -q**3 - 18*q**2 - 60*q + 67. Calculate the remainder when 17 is divided by x(-13).
1
Let b(g) = -23*g**3 + g**2 - 1. Let q be (-19)/(-4) - 3/(-12). Suppose -q*o + 2 = 22, -4*o + 319 = 5*u. Calculate the remainder when u is divided by b(-1).
21
Let t = 4 - -131. Let p = -81 + t. What is the remainder when p is divided by 11?
10
Let b = 9 - 6. Suppose -5*j = -2 - b. Let y = 13 + j. What is the remainder when y is divided by 5?
4
Let n = 235 - 47. Calculate the remainder when n is divided by 27.
26
Suppose -8*q + 3*q + 285 = -5*g, 5*q - g = 305. Calculate the remainder when q is divided by 13.
10
Let l = -883 + 906. Calculate the remainder when 38 is divided by l.
15
Let z(h) = 5*h**2 - 7*h + 7. What is the remainder when z(4) is divided by 21?
17
Suppose -25 = -3*n - 2*n + 5*l, -4*l = 2*n - 4. Suppose 19 + 56 = 5*v. What is the remainder when v is divided by n?
3
Let u be ((-23)/(-3))/(-4 - (-44)/12). Let k = u + 38. Calculate the remainder when 28 is divided by k.
13
What is the remainder when 244 is divided by (-5)/(2/2)*-1?
4
Suppose 22 = 4*m + q, 36 = 5*m + 3*q + 5. Suppose -m*f = -90 - 15. Suppose 4*c = -c - 2*t + 209, c + t - 43 = 0. Calculate the remainder when c is divided by f.
20
What is the remainder when 240 is divided by 71 - (-17)/(-34)*(2 - 14)?
9
Let r(t) be the first derivative of -t**2 + 5*t - 37. Let a = 11 + -15. What is the remainder when r(a) is divided by 7?
6
Suppose 20*o = 139 + 141. Suppose o*z - 39 = 101. Calculate the remainder when 37 is divided by z.
7
Let q = -466 - -520. What is the remainder when 149 is divided by q?
41
Suppose 0 = -8*r + 176 + 56. Calculate the remainder when r is divided by 2.
1
Let b(o) = -o**2 + 3*o + 14. Let l be b(5). Suppose -20 = -3*s - y, 4*s + l*y = s + 8. Calculate the remainder when 39 is divided by s.
7
Let x be -2 + (-2)/4*-2*9. Let p(v) = v**3 - 7*v**2 + 5*v - 2. Suppose 3*h - c - 24 = 0, 5*c - 2 = 5*h - 52. Calculate the remainder when p(x) is divided by h.
5
Suppose 5*j + 5*l - 250 = 0, 4*l = -2*j + 9*l + 107. What is the remainder when j is divided by 49?
2
Suppose 177 = -6*l - 33. Let t be (l/(-28))/((-1)/(-4)). Suppose t*f - 160 = -20. Calculate the remainder when 54 is divided by f.
26
Let i(v) = v**3 + v**2 + 4*v + 5. Let w be i(0). Suppose 3*y = -4*u + 43, w*y - u = -2*u + 49. Calculate the remainder when 25 is divided by y.
7
Let c(k) be the second derivative of k**5/20 - 17*k**4/12 + 5*k**3/2 + 21*k**2/2 + 11*k. What is the remainder when 8 is divided by c(16)?
3
Suppose 0 = -151*x + 166*x - 3000. Calculate the remainder when x is divided by 41.
36
Let l be 9/(5 - (-8)/(-4)). What is the remainder when 3 is divided by (1 + -6 + l)/(-2)?
0
Let d = -25 - -279. What is the remainder when d is divided by 43?
39
Let t(k) be the second derivative of k**4/12 + 79*k**2/2 - k. Let s be (-1 + (0 - -3) - 2)/3. What is the remainder when t(s) is divided by 27?
25
Let m = -31 - -46. Suppose 15*t + 3*b = 17*t, -2*t - 4*b + 28 = 0. What is the remainder when (-108)/(-5) - (-6)/m is divided by t?
4
Calculate the remainder when 510 is divided by (-3)/(-5) + ((-1184)/(-10) - -9).
126
Suppose -4*v - 4*o + 0 + 4 = 0, 0 = 2*v - 2*o - 14. Let i = -18 + 15. What is the remainder when 4 - 4 - i*5 is divided by v?
3
Let a(t) = t**2 + 7*t + 6. Suppose 24 = -0*z - 3*z. What is the remainder when 24 is divided by a(z)?
10
Let u(t) = -262*t**3 - t**2 + 2*t + 3. Calculate the remainder when u(-1) is divided by 87.
1
What is the remainder when (-139)/((-3)/9*3) is divided by 39?
22
Let p be (-3)/(-2)*-2 - 101. Let m = p - -132. What is the remainder when 80 is divided by m?
24
Calculate the remainder when (-50)/(-30) - 106/(-3) is divided by 3.
1
Let u(b) = -b - 23. Let p be u(-27). Suppose -q = -3*x + 72, 2*x + p*q = -x + 87. What is the remainder when 92 is divided by x?
17
Let j = -19 - -44. Let b = -2 + 2. What is the remainder when j is divided by (b - -6)/((-2)/(-3))?
7
Suppose k - 5*k + 192 = -4*t, -k + 48 = 5*t. Suppose -k = -7*j + 5*j. Calculate the remainder when j is divided by 13.
11
Let c(s) = s + 343. What is the remainder when c(0) is divided by 43?
42
Let g(s) be the second derivative of 5/6*s**3 + 5/2*s**2 - 11*s + 1/12*s**4 + 0. Calculate the remainder when g(-5) is divided by 2.
1
Let t be (176/110)/((-2)/(-195)). Suppose 5*s - 90 = -0*b - 2*b, 4*b - t = 2*s. Calculate the remainder when 78 is divided by b.
38
Let 